 + 5. Let v be a(-6). Suppose 350 = v*k - 120. Let y = k - 59. Calculate the highest common divisor of 5 and y.
5
Let h = -153 - -263. Let v be (-104)/(-10) - (-8)/(-20). What is the highest common divisor of h and v?
10
Let z(t) = t**3 - 2*t**2 - 6*t + 6. Let i be z(4). Suppose -5*o - 5*l = -370, 0 = 3*o - 6*l + 7*l - 214. What is the greatest common divisor of o and i?
14
Let j(n) = 5*n - 3*n + 3*n. Let h be j(3). Calculate the highest common divisor of h and 45.
15
Let q(m) be the third derivative of -125*m**4/24 + m**3/6 + 2*m**2. Let f be q(-1). Calculate the greatest common divisor of 14 and f.
14
Let c(b) be the second derivative of b**3/2 - 4*b**2 + 2*b. Let w be c(6). What is the greatest common factor of w and 50?
10
Suppose 1 = h - 17. What is the highest common divisor of h and 54?
18
Suppose 6 = -4*n + 22. Suppose x = n*x - 126. What is the highest common divisor of x and 14?
14
Let y be -20*(2 - 9/2). Suppose -y = -4*n - n. Let t be (-3 + 4 - 6)*-22. What is the highest common divisor of n and t?
10
Suppose 5*l - 59 - 31 = 0. Let x = 12 - 6. Let j be (-4)/x + 300/l. What is the highest common factor of j and 16?
16
Let a(s) = -5*s + 4. Let j(z) = z. Let d(y) = -a(y) - 2*j(y). Let b be d(2). Suppose -p + 0 = -16. Calculate the highest common factor of p and b.
2
Suppose 19*j - 144 = 18*j. What is the highest common factor of j and 18?
18
Let f be (2 - 5)*(-5)/3. Suppose 5*n - 112 = f*m + 73, 0 = 4*n - 3*m - 146. Calculate the greatest common factor of n and 7.
7
Let i(t) = 7*t - 1. Let j be 7/(-2)*(-26)/91. Let n be i(j). Calculate the highest common divisor of n and 3.
3
Let y = -35 - -49. Let k = 12 - 53. Let j be (-3 - -2)*(k - 1). What is the greatest common divisor of y and j?
14
Suppose -5*w - 229 = 4*h, 230 = -5*w - 4*h - h. Let r be (8/20)/((-1)/w). Calculate the highest common factor of 12 and r.
6
Suppose 8 - 4 = 2*k. Let p be -1*(2 + -2) + 3. What is the greatest common divisor of k and p?
1
Suppose -3*w - x + 24 = 0, -4*w + x + 30 = -w. Let c(u) = 5*u**2 - 5*u - 3. Let k be c(-2). Calculate the greatest common factor of w and k.
9
Suppose -2*q = -5*f + 293, 5*f + 0*q + q = 281. What is the greatest common factor of 38 and f?
19
Let p(x) = 7*x. Let j be (-2)/((0 - -2)*-1). Let t be p(j). Let u(z) = -z**2 - 5*z + 1. Let d be u(-5). What is the highest common factor of t and d?
1
Let n be 2*2/4*135. Suppose 7*o - n = 2*o. Calculate the greatest common divisor of o and 216.
27
Let l(g) = -g**2 - 5*g - 2. Let d be l(-2). Suppose 3*h - 80 = -2*i, d*i - 6 - 70 = -3*h. What is the highest common divisor of h and 70?
14
Suppose -6*s = -40 - 560. What is the greatest common divisor of 40 and s?
20
Suppose 4*z - 156 = z. What is the greatest common factor of z and 78?
26
Let p = 7 + -6. Let x be 4/(p/6*3). What is the greatest common factor of x and 88?
8
Suppose 1 = 2*d - i, 3*d + 3*i - 17 = -d. Let b = 28 + d. Suppose 0 = j - 12 - 8. What is the highest common divisor of b and j?
10
Suppose -4*w + 74 = 18. Calculate the greatest common factor of 21 and w.
7
Suppose 130 = -0*i + 5*i. Suppose -2*x = 5*w - i, -3*w - 2 = -x - 0*x. Suppose b + 3*b - 16 = 0. What is the greatest common factor of b and x?
4
Suppose -6*d + 4*d + 30 = 0. Calculate the greatest common divisor of d and 45.
15
Let j = 0 - -3. Suppose j*w - w = 28. Suppose -3*g + 67 = -3*n - 239, -n = g - 94. What is the highest common divisor of w and g?
14
Let j be (9 - 3)/((-3)/(-5)). What is the highest common factor of 80 and j?
10
Suppose 95 = 4*h - 81. What is the greatest common divisor of 484 and h?
44
Let r be (-4 - 0) + 4/2 + 6. Suppose 3*f + 1 - 31 = 0. What is the highest common divisor of r and f?
2
Let n(x) = 2*x - 11. Let s be n(8). Let i = 5 + 35. What is the highest common factor of s and i?
5
Let m(v) = 2*v**2 + 4*v - 4. Let f be m(-4). Let j be ((-4)/f)/(2/(-18)). What is the highest common factor of 24 and j?
3
Let y(b) be the second derivative of -1/2*b**2 + 0 + 1/12*b**4 - 4*b + b**3. Let c be y(-7). Calculate the greatest common divisor of 4 and c.
2
Suppose -s - 12 = -5*s. Let y be s*3/(-3)*-1. Suppose -2*m + 20 = 4*c, -5*c = -m - 0*c + y. What is the greatest common divisor of m and 12?
4
Let b(u) = -3*u - 12. Let d = -15 + 3. Let i = 3 + d. Let p be b(i). Calculate the greatest common factor of 120 and p.
15
Let k(f) = f**3 + 3*f**2 - 2*f - 2. Let g be k(-3). Suppose 825 = z + g*z. What is the greatest common factor of 15 and z?
15
Let h(c) = -6*c - 25. Let z be h(-10). Calculate the greatest common divisor of z and 7.
7
Let b = 87 + -75. Calculate the greatest common divisor of b and 24.
12
Let r = 14 + 4. What is the greatest common factor of 36 and r?
18
Let l(u) = -u**3 - 14*u**2 + 9*u + 58. Let v be l(-15). Calculate the highest common divisor of v and 37.
37
Let w(o) = 9*o - 8. Let b be w(4). Calculate the highest common factor of b and 70.
14
Suppose -3*x - 10 = -106. Calculate the highest common divisor of x and 288.
32
Let x = -6 - -16. Suppose 3*g - 5 = 1. Calculate the highest common divisor of x and g.
2
Let g = 67 + 41. What is the highest common factor of g and 12?
12
Let o be 0 + 2/6 + (-44)/(-12). Suppose 0 = 3*u - 0*u - 36. What is the highest common divisor of u and o?
4
Let c(r) = r**2 + 3*r + 2. Let y be c(6). Calculate the highest common divisor of y and 7.
7
Let a = -3 + 8. Suppose a*n = 3*n + 220. Suppose -n = -b - b. What is the highest common divisor of 22 and b?
11
Let r = 0 - -1. Suppose 4*b = 5*b - 16. Let w be -3 + 4 + b + r. What is the greatest common factor of w and 2?
2
Let o be 376/72 - (-4)/(-18). Let d be (-3)/(6/2)*1. Let z = d - -3. Calculate the greatest common divisor of o and z.
1
Let x(t) = -t**2 - 7*t + 21. Let i be x(-9). What is the highest common factor of 4 and i?
1
Suppose q + 5*z - 67 = 0, -z = -4*q - 5*z + 188. Let h = 6 + 8. What is the greatest common factor of h and q?
14
Let b be (-3179)/(-2) + (-5)/(-10). Suppose b = 5*i - 0*i. Let h = -222 + i. Calculate the highest common divisor of h and 12.
12
Suppose 14*w - 12*w - 154 = 0. Calculate the greatest common factor of w and 14.
7
Let k be ((-16)/(-64))/(2/248). What is the highest common factor of 155 and k?
31
Let y be (-4)/(-2) + 0 + 73. What is the greatest common factor of y and 25?
25
Let v be (1/3)/(4/192). What is the highest common divisor of 40 and v?
8
Let s = 41 - 22. Suppose -3*b + 2*b = -133. Calculate the greatest common divisor of b and s.
19
Suppose 5*r + 100 = 10*r. What is the greatest common factor of r and 30?
10
Suppose c - 80 = 4*l, -108 = -c - 4*l + l. Let m = -13 + 25. What is the highest common factor of c and m?
12
Suppose 82 = i - 17. Calculate the greatest common factor of 9 and i.
9
Suppose -5*n - 29 = -3*x, -2*x + 5 = x + n. Let r(d) = 10*d + 6. Let a be r(x). What is the highest common divisor of 4 and a?
4
Let v(d) = 2*d**2 + 2*d - 7. Let c be v(-3). Suppose 5*i + c = 0, -a = -2*a + 5*i + 38. What is the greatest common factor of 3 and a?
3
Suppose 5*t - 2*z - 265 = -7*z, -105 = -2*t - 3*z. Suppose 3*i - 5*p = 57, p + p - t = -2*i. Calculate the greatest common factor of i and 6.
6
Let a be 96/10 + 6/(-10). What is the greatest common divisor of 1 and a?
1
Let v be 5/20 - 3/(-4). Let g(j) = -15*j + 1. Let o be g(v). Let k = o - -26. What is the highest common factor of k and 6?
6
Suppose 6*d - 3*d = 36. What is the highest common factor of d and 6?
6
Suppose 2*f - 47 = -3*a + 147, -1 = -f. What is the highest common divisor of 16 and a?
16
Let z = -77 + 220. Calculate the highest common factor of z and 13.
13
Let v = 14 - 8. Let l be (-2)/v + (-60)/(-18). Calculate the highest common factor of 9 and l.
3
Suppose 2*h + 23 = x + 1, 5*h - 26 = -2*x. What is the greatest common factor of x and 12?
6
Let z = 106 + -76. Let p = -14 + z. Let q be -48*(-2 + 3/2). What is the highest common divisor of q and p?
8
Let n = -20 - -46. Suppose 2*u - u = 13. Calculate the highest common factor of n and u.
13
Let f = 23 + -4. What is the highest common divisor of 38 and f?
19
Let l(v) = -v**2 + 14*v - 24. Let z be l(11). What is the highest common divisor of z and 225?
9
Suppose -5*m + 136 = 2*p + 2*p, 2*m + 4*p - 64 = 0. What is the highest common factor of 36 and m?
12
Let y be 8/(-6*4/(-36)). Calculate the greatest commo